{"id":100,"date":"2022-10-05T03:29:03","date_gmt":"2022-10-05T03:29:03","guid":{"rendered":"https:\/\/systembeta.campeche.gob.mx\/?page_id=100"},"modified":"2024-06-03T13:28:45","modified_gmt":"2024-06-03T19:28:45","slug":"funciones-de-la-secretaria-ejecutiva","status":"publish","type":"page","link":"https:\/\/sipinna.campeche.gob.mx\/?page_id=100","title":{"rendered":"Funciones de la Secretar\u00eda Ejecutiva"},"content":{"rendered":"<p>[et_pb_section fb_built=\u00bb1&#8243; _builder_version=\u00bb4.25.1&#8243; background_color=\u00bb#9F2241&#8243; custom_padding=\u00bb44px||40px||false|false\u00bb hover_enabled=\u00bb0&#8243; global_colors_info=\u00bb{}\u00bb sticky_enabled=\u00bb0&#8243;][et_pb_row column_structure=\u00bb2_5,3_5&#8243; _builder_version=\u00bb4.16&#8243; max_width=\u00bb80%\u00bb global_colors_info=\u00bb{}\u00bb][et_pb_column type=\u00bb2_5&#8243; _builder_version=\u00bb4.16&#8243; global_colors_info=\u00bb{}\u00bb][et_pb_text _builder_version=\u00bb4.16&#8243; _module_preset=\u00bbdefault\u00bb text_text_color=\u00bb#FFFFFF\u00bb text_font_size=\u00bb31px\u00bb text_line_height=\u00bb1.4em\u00bb custom_margin=\u00bb|138px||||\u00bb custom_padding=\u00bb|65px||0px|false|false\u00bb global_colors_info=\u00bb{}\u00bb]<\/p>\n<p style=\"text-align: left;\">Funciones de la Secretar\u00eda Ejecutiva<\/p>\n<p>[\/et_pb_text][\/et_pb_column][et_pb_column type=\u00bb3_5&#8243; _builder_version=\u00bb4.16&#8243; global_colors_info=\u00bb{}\u00bb][et_pb_text _builder_version=\u00bb4.16&#8243; _module_preset=\u00bbdefault\u00bb text_text_color=\u00bb#FFFFFF\u00bb custom_margin=\u00bb|||-162px|false|false\u00bb global_colors_info=\u00bb{}\u00bb]- Coordinar las acciones entre las dependencias y las entidades competentes de la administraci\u00f3n p\u00fablica estatal que deriven de la presente Ley;<\/p>\n<p>&#8211; Elaborar el anteproyecto del Programa Estatal para someterlo a consideraci\u00f3n de los miembros del Sistema Estatal de Protecci\u00f3n Integral;&nbsp; Llevar a cabo el seguimiento y monitoreo de la ejecuci\u00f3n del Programa Estatal;&nbsp;<\/p>\n<p>&#8211; Celebrar convenios de coordinaci\u00f3n, colaboraci\u00f3n y concertaci\u00f3n con instancias p\u00fablicas y privadas, nacionales e internacionales;<\/p>\n<p>&#8211; Administrar el Sistema Estatal de Informaci\u00f3n, a que se refiere la fracci\u00f3n XV del art\u00edculo121, y coadyuvar en la integraci\u00f3n del Sistema Nacional de Informaci\u00f3n. Se deber\u00e1 recopilar la informaci\u00f3n a nivel estatal con el fin de integrar el sistema de informaci\u00f3n, para que a su vez pueda ser compartida con el Sistema Nacional de Informaci\u00f3n;<\/p>\n<p>&#8211; Realizar y promover estudios e investigaciones para fortalecer las acciones en favor de la atenci\u00f3n, defensa y protecci\u00f3n de ni\u00f1as, ni\u00f1os y adolescentes con el fin de difundirlos a las autoridades competentes y a los sectores social y privado para su incorporaci\u00f3n en los programas respectivos;&nbsp;<\/p>\n<p>&#8211; Difundir entre las autoridades correspondientes y la poblaci\u00f3n en general los resultados de los trabajos que realice, as\u00ed como toda aquella informaci\u00f3n p\u00fablica que tienda a la generaci\u00f3n, desarrollo y consolidaci\u00f3n de perspectiva en la materia, desagregada por lo menos, en raz\u00f3n de edad, sexo, municipio, escolaridad y discapacidad;&nbsp;<\/p>\n<p>&#8211; Asesorar y apoyar a las autoridades estatales y municipales que lo requieran para el ejercicio de sus atribuciones;&nbsp;<\/p>\n<p>&#8211; Rendir un informe anual al Sistema Estatal de Protecci\u00f3n Integral respecto al cumplimiento de las metas y programas trazados por el mismo;<\/p>\n<p>&#8211; Informar anualmente al Sistema Nacional de Protecci\u00f3n Integral los avances del Programa Estatal;<\/p>\n<p>&#8211; Fungir como instancia de interlocuci\u00f3n con organizaciones de la sociedad civil, academia y dem\u00e1s instituciones de los sectores social y privado;&nbsp;<\/p>\n<p>&#8211; Expedir oportunamente las convocatorias para las sesiones cuando menos dos veces al a\u00f1o;<\/p>\n<p>&#8211; Levantar y certificar las actas, acuerdos, e instrumentos jur\u00eddicos, llevar el archivo de \u00e9stos y de los dem\u00e1s documentos del Sistema Estatal de Protecci\u00f3n Integral;<\/p>\n<p>&#8211; Cumplir y dar seguimiento a los acuerdos y compromisos emanados del Sistema Estatal de Protecci\u00f3n Integral;<\/p>\n<p>&#8211; Elaborar y mantener actualizado el Manual de Organizaci\u00f3n y Operaci\u00f3n del Sistema Estatal de Protecci\u00f3n Integral; y<\/p>\n<p>&#8211; Las dem\u00e1s que encomiende el Presidente o el Sistema Estatal de Protecci\u00f3n Integral.&nbsp;[\/et_pb_text][\/et_pb_column][\/et_pb_row][\/et_pb_section]<\/p>\n","protected":false},"excerpt":{"rendered":"<p>Funciones de la Secretar\u00eda Ejecutiva- Coordinar las acciones entre las dependencias y las entidades competentes de la administraci\u00f3n p\u00fablica estatal que deriven de la presente Ley; &#8211; Elaborar el anteproyecto del Programa Estatal para someterlo a consideraci\u00f3n de los miembros del Sistema Estatal de Protecci\u00f3n Integral;&nbsp; Llevar a cabo el seguimiento y monitoreo de la [&hellip;]<\/p>\n","protected":false},"author":1,"featured_media":0,"parent":0,"menu_order":0,"comment_status":"closed","ping_status":"closed","template":"","meta":{"_acf_changed":false,"_et_pb_use_builder":"on","_et_pb_old_content":"","_et_gb_content_width":"","footnotes":""},"acf":[],"_links":{"self":[{"href":"https:\/\/sipinna.campeche.gob.mx\/index.php?rest_route=\/wp\/v2\/pages\/100"}],"collection":[{"href":"https:\/\/sipinna.campeche.gob.mx\/index.php?rest_route=\/wp\/v2\/pages"}],"about":[{"href":"https:\/\/sipinna.campeche.gob.mx\/index.php?rest_route=\/wp\/v2\/types\/page"}],"author":[{"embeddable":true,"href":"https:\/\/sipinna.campeche.gob.mx\/index.php?rest_route=\/wp\/v2\/users\/1"}],"replies":[{"embeddable":true,"href":"https:\/\/sipinna.campeche.gob.mx\/index.php?rest_route=%2Fwp%2Fv2%2Fcomments&post=100"}],"version-history":[{"count":6,"href":"https:\/\/sipinna.campeche.gob.mx\/index.php?rest_route=\/wp\/v2\/pages\/100\/revisions"}],"predecessor-version":[{"id":239845,"href":"https:\/\/sipinna.campeche.gob.mx\/index.php?rest_route=\/wp\/v2\/pages\/100\/revisions\/239845"}],"wp:attachment":[{"href":"https:\/\/sipinna.campeche.gob.mx\/index.php?rest_route=%2Fwp%2Fv2%2Fmedia&parent=100"}],"curies":[{"name":"wp","href":"https:\/\/api.w.org\/{rel}","templated":true}]}}